ivided by h?
65
Let l(s) = -s**3 - 6*s**2 - 3*s - 6. Let g(x) be the second derivative of x**3/6 + 35*x**2/2 + 8*x. Calculate the remainder when g(-12) is divided by l(-6).
11
Calculate the remainder when 6 is divided by (27/((-270)/(-200)))/4.
1
Let f = -108 - -160. Suppose -6 = -y + 5*j, -2*j = j. Calculate the remainder when 6/39 + (-60)/f - -12 is divided by y.
5
Let z = 28 + -82. What is the remainder when 78/4*(-180)/z is divided by 14?
9
Calculate the remainder when (21*(-126)/245*-1)/((-12)/(-1230)) is divided by 71.
42
Suppose -142 = -4*z + 3*s, -s + 162 = 5*z + 3*s. Let p(x) = -2*x**3 + 15*x**2 + 22*x + 54. What is the remainder when z is divided by p(9)?
7
Suppose 2*a - 425 = 3*s, 54*a - 826 = 50*a - 2*s. Calculate the remainder when a is divided by 47.
20
Suppose -53 = -5*p - 3. Let j be 6/4*(p - 14). What is the remainder when (-717)/(-9) + 4/j is divided by 20?
19
Let k = -94 - -54. Let z = 67 - k. What is the remainder when z is divided by (-20)/6*3069/(-465)?
19
Let t be 85 + (-6 - (-1 + -3)). Let n = -39 + t. Let y = 661 - 577. What is the remainder when y is divided by n?
40
Let b = -5316 - -5979. Calculate the remainder when b is divided by 81.
15
Suppose 4*w + 2*l - 326 = 0, 3*l + 792 = 17*w - 536. Suppose 58 - 794 = -16*t. What is the remainder when w is divided by t?
33
Let d be 26/(-10) - 28/70. What is the remainder when 23 is divided by (d - 174/(-42))*7?
7
Suppose 81*m - 124*m = -89354. Calculate the remainder when 4164 is divided by m.
8
Let o(c) = -c**3 + 2*c**2 + 3*c - 2. What is the remainder when o(-4) is divided by ((-42)/(-15))/(45/(-35) - 52*(-24)/840)?
12
Suppose -5*s = 2*l - 5*l + 223, -4*s - 200 = 3*l. Let u = 77 - 122. Let m = u - s. What is the remainder when 3 is divided by m?
1
What is the remainder when 11796 is divided by 6631/2443*((-135)/(-20) - (-1)/4)?
16
Suppose -m + 63 = 2*m. What is the remainder when 78/33 - 156/429 - -98 is divided by m?
16
Let d = -4067 + 4076. Suppose 5*w - 259 = 2*j - 5*j, -5*j = -4*w + 222. What is the remainder when w is divided by d?
8
Suppose -2*j = 2*h - 4*j - 892, 452 = h + j. Let q = h + -409. What is the remainder when 78 is divided by q?
38
Let g = -1569 + 1655. Let r(w) = -4*w - 15. Calculate the remainder when g is divided by r(-11).
28
Let m(p) = 120*p**2 - 48*p + 51. What is the remainder when 3688 is divided by m(1)?
121
Let v(z) = -z**3 + 28*z**2 - 50*z - 525. What is the remainder when 10998 is divided by v(25)?
98
Let g be 1*(3 - 7) - -200. Suppose -2*w - g = -2*c, 0 = 4*c + w - 213 - 194. What is the remainder when c is divided by 4?
1
Let n = 35 + -11. Let i = -80 + 78. Calculate the remainder when n - (-1 + (-6)/i) is divided by 10.
2
Let u = -91 + 78. Let b(m) = 2*m**3 + 19*m**2 + 2*m - 1. Let o be b(u). What is the remainder when 54 is divided by 6/(-27) + o/(-99)?
6
Suppose 12*f - 23*f - 10*f = -1869. What is the remainder when f is divided by -2*2/4*-37?
15
Calculate the remainder when -4 - (-110 + (1 - (11 - 5))) is divided by 106.
5
Let s(m) = 8*m**3 + 5*m**2 - 238. Calculate the remainder when s(9) is divided by 150.
149
Let u = -57 - -75. Let r = 2 + 3. Suppose 0 = -w - 5*g + r + u, 126 = 3*w - 4*g. Calculate the remainder when 74 is divided by w.
36
Suppose 409*x - 2824670 = 1816253. Calculate the remainder when x is divided by 227.
224
Let m = 5 + 3. Let a = -2 + -125. Let b = -48 - a. Calculate the remainder when b is divided by m.
7
Let f(w) = -2*w**2 + 38*w + 9258. Calculate the remainder when f(-59) is divided by (-4)/(-10) - 106/(-10).
10
Suppose 3*q = q + 40. Suppose q*f - 15*f = 50. Suppose 6*k + 16 = f*k. Calculate the remainder when 13 is divided by k.
1
Suppose 2*r + 2*n + 1120 = 3000, -4*n - 2862 = -3*r. Calculate the remainder when r is divided by 188.
6
Let g(t) = 70*t + 7234. Calculate the remainder when 545 is divided by g(-101).
53
Let g = 632 - 626. Suppose 3 = -3*t - g*b + 84, b = 2*t - 49. Let n(s) = -8*s - 4. Calculate the remainder when n(-6) is divided by t.
19
Suppose -5 = 4*s + 7, 4*k - 36 = 4*s. Let g = -174 - -219. Calculate the remainder when k is divided by (g/(-35) - -1)*-21.
0
Let w be 190/14 + 30/70. Let z = w - 9. What is the remainder when 18 is divided by z?
3
Suppose 2*r = 222 - 10. Suppose -144 = -25*h + 61*h. Calculate the remainder when r is divided by (-1485)/(-45)*h/(-6).
18
Let c = -35843 - -36959. Calculate the remainder when c is divided by 281.
273
Let i(y) = -128*y - 1646. Calculate the remainder when i(-26) is divided by 106.
92
Let c(u) = -2*u + 11. Let j be c(2). Suppose -b + 4*t = -j, -b + t + 4*t = -4. Calculate the remainder when 30 is divided by b.
11
Suppose 7*g - 570 = g. Let w = -54 + g. Suppose 2*o - 55 = -3*o. What is the remainder when w is divided by o?
8
Let x(h) = -15*h + 307. Let i be x(16). Let s = -57 + 17. Let o = s + i. What is the remainder when 64 is divided by o?
10
Let x(u) = -30*u - 57. Let j be x(-6). Suppose 4*q + 20 = 0, -5*q + 6*q - j = -2*f. Calculate the remainder when f is divided by 22.
20
Let a = -6624 + 6986. Calculate the remainder when 728 is divided by a.
4
Suppose 0 = 4*j - 8*j + 4*r + 12736, 0 = -j - r + 3184. Calculate the remainder when j is divided by 9.
7
What is the remainder when 97 is divided by ((-36)/(-36))/(3/42)?
13
Let w = 2005 + -1846. What is the remainder when w is divided by 119?
40
Suppose 0 = -4*c - 5*w - 5 + 41, 5*c + w = 66. Suppose -9*l + 181 + 62 = 0. Calculate the remainder when l is divided by c.
13
Let w(b) = 22*b**2 - 149*b + 618. Calculate the remainder when w(4) is divided by 141.
92
Let q(u) = -u**3 + 5*u**2 + 8*u - 9. Let v be q(6). Let l = 13 - v. Suppose 5*c - 70 = -l. Calculate the remainder when 47 is divided by c.
11
Let h be -5 - ((-9723)/(-14) - (-3)/2). Let l = 843 + h. What is the remainder when l is divided by 22?
10
Suppose q - 4*i = 605, -9*q + 2396 = -5*q - 4*i. Calculate the remainder when q is divided by 120.
117
Let f(g) = -150*g - 448. Calculate the remainder when f(-7) is divided by 87.
80
Let a(m) be the second derivative of m**4/3 + 2*m**3/3 + m. Let t = 2474 + -2406. What is the remainder when t is divided by a(-3)?
20
Let s(d) = -28*d + 30. Let b be s(-6). Let z = b - 176. What is the remainder when 39 is divided by z?
17
Let p(w) = -w**2 - 7*w + 2. Let k be p(1). What is the remainder when (-5)/1 - -70 - (-18)/k is divided by 6?
2
Let r = -241 + 107. Let l = r - -147. What is the remainder when 51 is divided by l?
12
Suppose -3*y = -5*d + 2540 - 957, -5*y - 5 = 0. What is the remainder when 1013 is divided by d?
65
Let m = 62 - 54. Suppose -i + 18 = 2*p + 2*i, 3*p = 5*i + m. Let l(r) = -r**3 + 5*r**2 + 7*r + 2. What is the remainder when 20 is divided by l(p)?
4
Let y = 7 + 85. What is the remainder when y is divided by 92/(-138) - ((-208)/6 - 0)?
24
Suppose -13*i - 96678 = -63*i - 81*i. What is the remainder when i is divided by 240?
18
Let w = 3413 - 3223. Calculate the remainder when w is divided by 111.
79
Let b be 5 + 10*(-4)/(-8). Suppose 0 = 11*x - b*x - 20. Calculate the remainder when 56 is divided by x.
16
Suppose 0 = -25*q - 1691 + 13066. What is the remainder when q is divided by 31?
21
Suppose 4*z = 8, -5*n - z + 237 = -85. Let g(r) = r**3 - 6*r**2 - 4*r + 13. Calculate the remainder when n is divided by g(7).
30
Let n = -182 + 182. Suppose 122*x - 116*x - 1242 = n. Calculate the remainder when x is divided by 35.
32
Let b(t) = -384*t + 3580. Calculate the remainder when 10043 is divided by b(9).
123
Suppose -316*d = -321*d + 10. What is the remainder when (-1 + (-211)/d)/((-184)/368) is divided by 55?
48
Suppose -24*q + 7686 = 39*q. What is the remainder when q is divided by 9?
5
Let x be 10164/(-42)*(-2 - -1). Let b = -230 + x. Calculate the remainder when 118 is divided by b.
10
Let i(h) = 208*h**2 - 2*h + 8. Calculate the remainder when i(-1) is divided by 38.
28
Let g = 154 + -52. Suppose 4 = -2*v + g. What is the remainder when v is divided by -6*(5/(-2) - -1)?
4
Let g = 28373 - 28366. Let j = 126 + -52. What is the remainder when j is divided by g?
4
Suppose 34*n + 16*n + 198600 = 0. Let r = -2327 - n. Calculate the remainder when r is divided by 103.
100
Calculate the remainder when 959 is divided by 6*(-13 - (-1190)/60).
16
Let v = -234 + 239. Suppose p = 6*p - 3*d - 265, v*d = 25